{"id":590,"date":"2020-11-08T16:14:12","date_gmt":"2020-11-08T16:14:12","guid":{"rendered":"https:\/\/denisseag.com\/tienda\/?post_type=product&#038;p=590"},"modified":"2020-11-08T16:14:12","modified_gmt":"2020-11-08T16:14:12","slug":"panque-bocado-de-angel","status":"publish","type":"product","link":"https:\/\/denisseag.com\/tienda\/producto\/panque-bocado-de-angel\/","title":{"rendered":"Panqu\u00e9 Bocado de \u00c1ngel"},"content":{"rendered":"","protected":false},"excerpt":{"rendered":"<p>Horneado con pi\u00f1a, pl\u00e1tano, coco y nuez.<\/p>\n<p>&nbsp;<\/p>\n<p>Rinde para 2-4 personas.<\/p>\n","protected":false},"featured_media":591,"template":"","meta":{"inline_featured_image":false},"product_cat":[30],"product_tag":[],"class_list":{"0":"post-590","1":"product","2":"type-product","3":"status-publish","4":"has-post-thumbnail","6":"product_cat-coleccion-christmas-baking-crew","8":"first","9":"instock","10":"shipping-taxable","11":"purchasable","12":"product-type-simple"},"yoast_head":"<!-- This site is optimized with the Yoast SEO plugin v23.2 - https:\/\/yoast.com\/wordpress\/plugins\/seo\/ -->\n<title>Panqu\u00e9 Bocado de \u00c1ngel - Denisse AG - Pastry Chef<\/title>\n<meta name=\"robots\" content=\"index, follow, max-snippet:-1, max-image-preview:large, max-video-preview:-1\" \/>\n<link rel=\"canonical\" href=\"https:\/\/denisseag.com\/tienda\/producto\/panque-bocado-de-angel\/\" \/>\n<meta property=\"og:locale\" content=\"es_MX\" \/>\n<meta property=\"og:type\" content=\"article\" \/>\n<meta property=\"og:title\" content=\"Panqu\u00e9 Bocado de \u00c1ngel - Denisse AG - Pastry Chef\" \/>\n<meta property=\"og:description\" content=\"Horneado con pi\u00f1a, pl\u00e1tano, coco y nuez.  &nbsp;  Rinde para 2-4 personas.\" \/>\n<meta property=\"og:url\" content=\"https:\/\/denisseag.com\/tienda\/producto\/panque-bocado-de-angel\/\" \/>\n<meta property=\"og:site_name\" content=\"Denisse AG - Pastry Chef\" \/>\n<meta property=\"og:image\" content=\"https:\/\/denisseag.com\/tienda\/wp-content\/uploads\/2020\/11\/panque-bocado-de-angel-01.png\" \/>\n\t<meta property=\"og:image:width\" content=\"1080\" \/>\n\t<meta property=\"og:image:height\" content=\"1080\" \/>\n\t<meta property=\"og:image:type\" content=\"image\/png\" \/>\n<meta name=\"twitter:card\" content=\"summary_large_image\" \/>\n<script type=\"application\/ld+json\" class=\"yoast-schema-graph\">{\"@context\":\"https:\/\/schema.org\",\"@graph\":[{\"@type\":\"WebPage\",\"@id\":\"https:\/\/denisseag.com\/tienda\/producto\/panque-bocado-de-angel\/\",\"url\":\"https:\/\/denisseag.com\/tienda\/producto\/panque-bocado-de-angel\/\",\"name\":\"Panqu\u00e9 Bocado de \u00c1ngel - Denisse AG - Pastry Chef\",\"isPartOf\":{\"@id\":\"https:\/\/denisseag.com\/tienda\/#website\"},\"primaryImageOfPage\":{\"@id\":\"https:\/\/denisseag.com\/tienda\/producto\/panque-bocado-de-angel\/#primaryimage\"},\"image\":{\"@id\":\"https:\/\/denisseag.com\/tienda\/producto\/panque-bocado-de-angel\/#primaryimage\"},\"thumbnailUrl\":\"https:\/\/denisseag.com\/tienda\/wp-content\/uploads\/2020\/11\/panque-bocado-de-angel-01.png\",\"datePublished\":\"2020-11-08T16:14:12+00:00\",\"dateModified\":\"2020-11-08T16:14:12+00:00\",\"breadcrumb\":{\"@id\":\"https:\/\/denisseag.com\/tienda\/producto\/panque-bocado-de-angel\/#breadcrumb\"},\"inLanguage\":\"es\",\"potentialAction\":[{\"@type\":\"ReadAction\",\"target\":[\"https:\/\/denisseag.com\/tienda\/producto\/panque-bocado-de-angel\/\"]}]},{\"@type\":\"ImageObject\",\"inLanguage\":\"es\",\"@id\":\"https:\/\/denisseag.com\/tienda\/producto\/panque-bocado-de-angel\/#primaryimage\",\"url\":\"https:\/\/denisseag.com\/tienda\/wp-content\/uploads\/2020\/11\/panque-bocado-de-angel-01.png\",\"contentUrl\":\"https:\/\/denisseag.com\/tienda\/wp-content\/uploads\/2020\/11\/panque-bocado-de-angel-01.png\",\"width\":1080,\"height\":1080,\"caption\":\"Panqu\u00e9 Bocado de \u00c1ngel\"},{\"@type\":\"BreadcrumbList\",\"@id\":\"https:\/\/denisseag.com\/tienda\/producto\/panque-bocado-de-angel\/#breadcrumb\",\"itemListElement\":[{\"@type\":\"ListItem\",\"position\":1,\"name\":\"Inicio\",\"item\":\"https:\/\/denisseag.com\/tienda\/\"},{\"@type\":\"ListItem\",\"position\":2,\"name\":\"Portada tienda\",\"item\":\"https:\/\/denisseag.com\/tienda\/\"},{\"@type\":\"ListItem\",\"position\":3,\"name\":\"Panqu\u00e9 Bocado de \u00c1ngel\"}]},{\"@type\":\"WebSite\",\"@id\":\"https:\/\/denisseag.com\/tienda\/#website\",\"url\":\"https:\/\/denisseag.com\/tienda\/\",\"name\":\"Denisse AG - Pastry Chef\",\"description\":\"Otro sitio realizado con WordPress\",\"potentialAction\":[{\"@type\":\"SearchAction\",\"target\":{\"@type\":\"EntryPoint\",\"urlTemplate\":\"https:\/\/denisseag.com\/tienda\/?s={search_term_string}\"},\"query-input\":\"required name=search_term_string\"}],\"inLanguage\":\"es\"}]}<\/script>\n<!-- \/ Yoast SEO plugin. -->","yoast_head_json":{"title":"Panqu\u00e9 Bocado de \u00c1ngel - Denisse AG - Pastry Chef","robots":{"index":"index","follow":"follow","max-snippet":"max-snippet:-1","max-image-preview":"max-image-preview:large","max-video-preview":"max-video-preview:-1"},"canonical":"https:\/\/denisseag.com\/tienda\/producto\/panque-bocado-de-angel\/","og_locale":"es_MX","og_type":"article","og_title":"Panqu\u00e9 Bocado de \u00c1ngel - Denisse AG - Pastry Chef","og_description":"Horneado con pi\u00f1a, pl\u00e1tano, coco y nuez.  &nbsp;  Rinde para 2-4 personas.","og_url":"https:\/\/denisseag.com\/tienda\/producto\/panque-bocado-de-angel\/","og_site_name":"Denisse AG - Pastry Chef","og_image":[{"width":1080,"height":1080,"url":"https:\/\/denisseag.com\/tienda\/wp-content\/uploads\/2020\/11\/panque-bocado-de-angel-01.png","type":"image\/png"}],"twitter_card":"summary_large_image","schema":{"@context":"https:\/\/schema.org","@graph":[{"@type":"WebPage","@id":"https:\/\/denisseag.com\/tienda\/producto\/panque-bocado-de-angel\/","url":"https:\/\/denisseag.com\/tienda\/producto\/panque-bocado-de-angel\/","name":"Panqu\u00e9 Bocado de \u00c1ngel - Denisse AG - Pastry Chef","isPartOf":{"@id":"https:\/\/denisseag.com\/tienda\/#website"},"primaryImageOfPage":{"@id":"https:\/\/denisseag.com\/tienda\/producto\/panque-bocado-de-angel\/#primaryimage"},"image":{"@id":"https:\/\/denisseag.com\/tienda\/producto\/panque-bocado-de-angel\/#primaryimage"},"thumbnailUrl":"https:\/\/denisseag.com\/tienda\/wp-content\/uploads\/2020\/11\/panque-bocado-de-angel-01.png","datePublished":"2020-11-08T16:14:12+00:00","dateModified":"2020-11-08T16:14:12+00:00","breadcrumb":{"@id":"https:\/\/denisseag.com\/tienda\/producto\/panque-bocado-de-angel\/#breadcrumb"},"inLanguage":"es","potentialAction":[{"@type":"ReadAction","target":["https:\/\/denisseag.com\/tienda\/producto\/panque-bocado-de-angel\/"]}]},{"@type":"ImageObject","inLanguage":"es","@id":"https:\/\/denisseag.com\/tienda\/producto\/panque-bocado-de-angel\/#primaryimage","url":"https:\/\/denisseag.com\/tienda\/wp-content\/uploads\/2020\/11\/panque-bocado-de-angel-01.png","contentUrl":"https:\/\/denisseag.com\/tienda\/wp-content\/uploads\/2020\/11\/panque-bocado-de-angel-01.png","width":1080,"height":1080,"caption":"Panqu\u00e9 Bocado de \u00c1ngel"},{"@type":"BreadcrumbList","@id":"https:\/\/denisseag.com\/tienda\/producto\/panque-bocado-de-angel\/#breadcrumb","itemListElement":[{"@type":"ListItem","position":1,"name":"Inicio","item":"https:\/\/denisseag.com\/tienda\/"},{"@type":"ListItem","position":2,"name":"Portada tienda","item":"https:\/\/denisseag.com\/tienda\/"},{"@type":"ListItem","position":3,"name":"Panqu\u00e9 Bocado de \u00c1ngel"}]},{"@type":"WebSite","@id":"https:\/\/denisseag.com\/tienda\/#website","url":"https:\/\/denisseag.com\/tienda\/","name":"Denisse AG - Pastry Chef","description":"Otro sitio realizado con WordPress","potentialAction":[{"@type":"SearchAction","target":{"@type":"EntryPoint","urlTemplate":"https:\/\/denisseag.com\/tienda\/?s={search_term_string}"},"query-input":"required name=search_term_string"}],"inLanguage":"es"}]}},"_links":{"self":[{"href":"https:\/\/denisseag.com\/tienda\/wp-json\/wp\/v2\/product\/590"}],"collection":[{"href":"https:\/\/denisseag.com\/tienda\/wp-json\/wp\/v2\/product"}],"about":[{"href":"https:\/\/denisseag.com\/tienda\/wp-json\/wp\/v2\/types\/product"}],"wp:featuredmedia":[{"embeddable":true,"href":"https:\/\/denisseag.com\/tienda\/wp-json\/wp\/v2\/media\/591"}],"wp:attachment":[{"href":"https:\/\/denisseag.com\/tienda\/wp-json\/wp\/v2\/media?parent=590"}],"wp:term":[{"taxonomy":"product_cat","embeddable":true,"href":"https:\/\/denisseag.com\/tienda\/wp-json\/wp\/v2\/product_cat?post=590"},{"taxonomy":"product_tag","embeddable":true,"href":"https:\/\/denisseag.com\/tienda\/wp-json\/wp\/v2\/product_tag?post=590"}],"curies":[{"name":"wp","href":"https:\/\/api.w.org\/{rel}","templated":true}]}}